{"id":90,"date":"2018-10-03T15:57:57","date_gmt":"2018-10-03T13:57:57","guid":{"rendered":"http:\/\/exbiuro.nazwa.pl\/sklep_luna\/produkt\/import-placeholder-for-337\/"},"modified":"2024-11-25T10:36:36","modified_gmt":"2024-11-25T09:36:36","slug":"konrad-imiela-wrazliwosc-na-olsnienie-w-normie","status":"publish","type":"product","link":"https:\/\/lunamusic.pl\/sklepluna\/produkt\/konrad-imiela-wrazliwosc-na-olsnienie-w-normie\/","title":{"rendered":"Konrad Imiela &#8211; Wra\u017cliwo\u015b\u0107 na Ol\u015bnienie w Normie"},"content":{"rendered":"<p>To moja druga p\u0142yta. Pierwsza \u2013 \u201eGarderoba m\u0119ska\u201d by\u0142a z\u0142o\u017cona z piosenek-aktorskich kostium\u00f3w, \u015bpiewa\u0142em je w imieniu wyimaginowanych os\u00f3b, gra\u0142em, udawa\u0142em inne osobowo\u015bci. \u201eWra\u017cliwo\u015b\u0107 na ol\u015bnienie w normie\u201d z\u0142o\u017cona jest utwor\u00f3w, kt\u00f3re \u015bpiewam w swoim imieniu. To opowie\u015b\u0107 o czterdziestoparolatku \u017cyj\u0105cym w wielkim mie\u015bcie. Celowo nie pisz\u0119, \u017ce o mnie, bo pewnie nie tylko o mnie. W ko\u0144cu w podobnych okoliczno\u015bciach prze\u017cywamy podobne zdarzenia. Chc\u0119 opowiedzie\u0107 o tym, \u017ce do\u015bwiadczenie \u017cyciowe niekoniecznie musi st\u0119pi\u0107 w nas wra\u017cliwo\u015b\u0107. Wr\u0119cz przeciwnie, mo\u017ce pom\u00f3c w g\u0142\u0119bszym prze\u017cywaniu i ekscytowaniu si\u0119 \u015bwiatem.<\/p>\n<p>Ta p\u0142yta to muzyczne spotkanie trzech artyst\u00f3w. Mimo ca\u0142ej surowo\u015bci m\u0119skiej natury lubi\u0119 m\u00f3wi, \u017ce jeste\u015bmy wra\u017cliwymi artystami. Zagrali\u015bmy wy\u0142\u0105cznie na akustycznych instrumentach, aby szczero\u015b\u0107 tekst\u00f3w opakowa\u0107 w prawdziwe, naturalne d\u017awi\u0119ki. Naszym naturalnym \u015brodowiskiem jest teatr. Graj\u0105c te piosenki w teatrze nie tworzymy z\u0142udzenia odmiennej rzeczywisto\u015bci, raczej opisujemy prawdziwy \u015bwiat, czasem bolesny, czasem radosny, wci\u0105\u017c niezmiennie ekscytuj\u0105cy. Konrad Imiela<\/p>\n<p><iframe src=\"https:\/\/independentdigital.lnk.to\/wrazliwosc\" width=\"100%\" height=\"1200\" frameborder=\"0\"><\/iframe><\/p>\n","protected":false},"excerpt":{"rendered":"<p>1. Masz w m\u00f3zgu wtyczk\u0119<br \/>\n2. Sonet 129<br \/>\n3. Berlin 1913<br \/>\n4. Dystans<br \/>\n5. Tarantino<br \/>\n6. Drzewo<br \/>\n7. Smutek<br \/>\n8. Chocia\u017c raz<br \/>\n9. A mo\u017ce jeste\u015b<br \/>\n10. S\u0142o\u0144ce ju\u017c gas\u0142o<br \/>\n11. Monday was blue<br \/>\n12. Ulica Ko\u015bciuszki<\/p>\n","protected":false},"featured_media":1065,"comment_status":"open","ping_status":"closed","template":"","meta":[],"product_brand":[],"product_cat":[32,17],"product_tag":[68],"class_list":{"0":"post-90","1":"product","2":"type-product","3":"status-publish","4":"has-post-thumbnail","6":"product_cat-aktorska","7":"product_cat-cd","8":"product_tag-konrad-imiela","10":"first","11":"instock","12":"taxable","13":"shipping-taxable","14":"purchasable","15":"product-type-simple"},"_links":{"self":[{"href":"https:\/\/lunamusic.pl\/sklepluna\/wp-json\/wp\/v2\/product\/90","targetHints":{"allow":["GET"]}}],"collection":[{"href":"https:\/\/lunamusic.pl\/sklepluna\/wp-json\/wp\/v2\/product"}],"about":[{"href":"https:\/\/lunamusic.pl\/sklepluna\/wp-json\/wp\/v2\/types\/product"}],"replies":[{"embeddable":true,"href":"https:\/\/lunamusic.pl\/sklepluna\/wp-json\/wp\/v2\/comments?post=90"}],"wp:featuredmedia":[{"embeddable":true,"href":"https:\/\/lunamusic.pl\/sklepluna\/wp-json\/wp\/v2\/media\/1065"}],"wp:attachment":[{"href":"https:\/\/lunamusic.pl\/sklepluna\/wp-json\/wp\/v2\/media?parent=90"}],"wp:term":[{"taxonomy":"product_brand","embeddable":true,"href":"https:\/\/lunamusic.pl\/sklepluna\/wp-json\/wp\/v2\/product_brand?post=90"},{"taxonomy":"product_cat","embeddable":true,"href":"https:\/\/lunamusic.pl\/sklepluna\/wp-json\/wp\/v2\/product_cat?post=90"},{"taxonomy":"product_tag","embeddable":true,"href":"https:\/\/lunamusic.pl\/sklepluna\/wp-json\/wp\/v2\/product_tag?post=90"}],"curies":[{"name":"wp","href":"https:\/\/api.w.org\/{rel}","templated":true}]}}

Konrad Imiela &#8211; Wrażliwość na Olśnienie w Normie

<p>To moja druga płyta. Pierwsza – „Garderoba męska” była złożona z piosenek-aktorskich kostiumów, śpiewałem je w imieniu wyimaginowanych osób, grałem, udawałem inne osobowości. „Wrażliwość na olśnienie w normie” złożona jest utworów, które śpiewam w swoim imieniu. To opowieść o czterdziestoparolatku żyjącym w wielkim mieście. Celowo nie piszę, że o mnie, bo pewnie nie tylko o mnie. W końcu w podobnych okolicznościach przeżywamy podobne zdarzenia. Chcę opowiedzieć o tym, że doświadczenie życiowe niekoniecznie musi stępić w nas wrażliwość. Wręcz przeciwnie, może pomóc w głębszym przeżywaniu i ekscytowaniu się światem.</p>
<p>Ta płyta to muzyczne spotkanie trzech artystów. Mimo całej surowości męskiej natury lubię mówi, że jesteśmy wrażliwymi artystami. Zagraliśmy wyłącznie na akustycznych instrumentach, aby szczerość tekstów opakować w prawdziwe, naturalne dźwięki. Naszym naturalnym środowiskiem jest teatr. Grając te piosenki w teatrze nie tworzymy złudzenia odmiennej rzeczywistości, raczej opisujemy prawdziwy świat, czasem bolesny, czasem radosny, wciąż niezmiennie ekscytujący. Konrad Imiela</p>
<p><iframe src="https://independentdigital.lnk.to/wrazliwosc" width="100%" height="1200" frameborder="0"></iframe></p>

<p>1. Masz w mózgu wtyczkę<br />
2. Sonet 129<br />
3. Berlin 1913<br />
4. Dystans<br />
5. Tarantino<br />
6. Drzewo<br />
7. Smutek<br />
8. Chociaż raz<br />
9. A może jesteś<br />
10. Słońce już gasło<br />
11. Monday was blue<br />
12. Ulica Kościuszki</p>
