{"id":597,"date":"2019-04-16T08:54:55","date_gmt":"2019-04-16T06:54:55","guid":{"rendered":"http:\/\/exbiuro.nazwa.pl\/sklep_luna\/produkt\/import-placeholder-for-1360\/"},"modified":"2020-04-06T14:48:15","modified_gmt":"2020-04-06T12:48:15","slug":"dice-paradice","status":"publish","type":"product","link":"https:\/\/lunamusic.pl\/sklepluna\/produkt\/dice-paradice\/","title":{"rendered":"Dice &#8211; Paradice"},"content":{"rendered":"<p>Znajudje si\u0119 na nim 10 premierowych kompozycji grupy utrzymanych w konwencji tradycyjnego hardrocka w \u015bwie\u017cym wydaniu. Opr\u00f3cz utwor\u00f3w przepe\u0142nionych mocnym brzmieniem hardrockowych riff\u00f3w znajduj\u0105 si\u0119 te\u017c utwory spokojne, niemal\u017ce akustyczne. Wszystkie utwory oraz teksty zosta\u0142y napisane przez cz\u0142onk\u00f3w Dice czyli \u0141ukasza Przybylskiego, Karola Przybylskiego, Mateusza Szeremet\u0119 oraz \u0141ukasza Dopiera\u0142\u0119<\/p>\n","protected":false},"excerpt":{"rendered":"<p>1. Peccatum Originale<br \/>\n2. Zostaj\u0119 Tu&#8230; By Gra\u0107!<br \/>\n3. Ku Twojej Chwale<br \/>\n4. Zawsze Tak Jak Chc\u0119<br \/>\n5. Marna Gra<br \/>\n6. Znajomi Sobie Nieznajomi<br \/>\n7. Paradice<br \/>\n8. Lot Z\u0142udze\u0144<br \/>\n9. Zniewolony<br \/>\n10. Skrzyd\u0142a<\/p>\n<p>&nbsp;<\/p>\n","protected":false},"featured_media":1057,"comment_status":"open","ping_status":"closed","template":"","meta":[],"product_brand":[],"product_cat":[17,1195],"product_tag":[21],"class_list":{"0":"post-597","1":"product","2":"type-product","3":"status-publish","4":"has-post-thumbnail","6":"product_cat-cd","7":"product_cat-rock","8":"product_tag-dice","10":"first","11":"instock","12":"taxable","13":"shipping-taxable","14":"purchasable","15":"product-type-simple"},"_links":{"self":[{"href":"https:\/\/lunamusic.pl\/sklepluna\/wp-json\/wp\/v2\/product\/597","targetHints":{"allow":["GET"]}}],"collection":[{"href":"https:\/\/lunamusic.pl\/sklepluna\/wp-json\/wp\/v2\/product"}],"about":[{"href":"https:\/\/lunamusic.pl\/sklepluna\/wp-json\/wp\/v2\/types\/product"}],"replies":[{"embeddable":true,"href":"https:\/\/lunamusic.pl\/sklepluna\/wp-json\/wp\/v2\/comments?post=597"}],"wp:featuredmedia":[{"embeddable":true,"href":"https:\/\/lunamusic.pl\/sklepluna\/wp-json\/wp\/v2\/media\/1057"}],"wp:attachment":[{"href":"https:\/\/lunamusic.pl\/sklepluna\/wp-json\/wp\/v2\/media?parent=597"}],"wp:term":[{"taxonomy":"product_brand","embeddable":true,"href":"https:\/\/lunamusic.pl\/sklepluna\/wp-json\/wp\/v2\/product_brand?post=597"},{"taxonomy":"product_cat","embeddable":true,"href":"https:\/\/lunamusic.pl\/sklepluna\/wp-json\/wp\/v2\/product_cat?post=597"},{"taxonomy":"product_tag","embeddable":true,"href":"https:\/\/lunamusic.pl\/sklepluna\/wp-json\/wp\/v2\/product_tag?post=597"}],"curies":[{"name":"wp","href":"https:\/\/api.w.org\/{rel}","templated":true}]}}