{"id":456,"date":"2019-04-04T09:03:08","date_gmt":"2019-04-04T07:03:08","guid":{"rendered":"http:\/\/exbiuro.nazwa.pl\/sklep_luna\/produkt\/import-placeholder-for-1143\/"},"modified":"2023-03-30T13:31:08","modified_gmt":"2023-03-30T11:31:08","slug":"katarzyna-groniec-listy-julii","status":"publish","type":"product","link":"https:\/\/lunamusic.pl\/sklepluna\/produkt\/katarzyna-groniec-listy-julii\/","title":{"rendered":"Katarzyna Groniec &#8211; Listy Julii"},"content":{"rendered":"<p><b>Listy Julii<\/b><br \/>\nnajnowszy album Katarzyny Groniec z towarzyszeniem 7-osobowego zespo\u0142u pod kierownictwem \u0141ukasza Damrycha. Inspiracj\u0105 do powstania projektu by\u0142y piosenki Elvisa Costello z p\u0142yty \u201eThe Juliet Letters\u201d w polskich t\u0142umaczeniach Katarzyny Groniec. Utwory angielskiego kompozytora zyska\u0142y now\u0105, niezwykle oryginaln\u0105 szat\u0119 d\u017awi\u0119kow\u0105 &#8211; aran\u017cacje na siedmioosobowy zesp\u00f3\u0142, w kt\u00f3rego sk\u0142ad wchodz\u0105 m.in.: saksofon, tuba, puzon, waltornia, fortepian, gitara basowa, perkusja.<\/p>\n<p>W 1993 roku Elvis Costello wraz z Brodsky Quartet nagra\u0142 p\u0142yt\u0119 inspirowan\u0105 ujmuj\u0105c\u0105 tradycj\u0105 zostawiania pod domem Capulettich mi\u0142osnych list\u00f3w czy k\u0142\u00f3dek maj\u0105cych symbolizowa\u0107 zatrzymanie na wieki mi\u0142o\u015bci swojego \u017cycia. Za pomoc\u0105 dwudziestu piosenek uda\u0142o mu si\u0119 nakre\u015bli\u0107 diametralnie r\u00f3\u017cne charaktery pojawiaj\u0105cych si\u0119 postaci &#8211; ich osobiste dramaty i odczuwanie mi\u0142o\u015bci. Zdradzona kobieta, dziecko, dziewczyna, \u017co\u0142nierz, samob\u00f3jca, starzej\u0105cy si\u0119 Romeo, czy diabelski sprzedawca, to tylko niekt\u00f3re z nich. Na potrzeby projektu \u201eListy Julii\u201d, kt\u00f3rego premiera odby\u0142a si\u0119 na tegorocznym Przegl\u0105dzie Piosenki Aktorskiej we Wroc\u0142awiu, powsta\u0142y nowe polskie t\u0142umaczenia oraz aran\u017cacje. I oczywi\u015bcie wyj\u0105tkowe interpretacje Katarzyny.<\/p>\n<p>LUNCD289, 5900672922899<\/p>\n","protected":false},"excerpt":{"rendered":"<p>1. Uratuj nas<br \/>\n2. Do obcych r\u0105k<br \/>\n3. \u015awinia<br \/>\n4. Seans Romea<br \/>\n5. Czy<br \/>\n6. U Twych st\u00f3p sk\u0142adam m\u00f3j \u015bwiat<br \/>\n7. Mi\u0142osne zawody<br \/>\n8. Zastan\u00f3w si\u0119 w co grasz<br \/>\n9. Otch\u0142a\u0144 pot\u0119pienia<br \/>\n10. Jacksons, Monk and Rowe<br \/>\n11. Nieodebrany list<br \/>\n12. S\u0142odko-gorzki \u015bwiecie m\u00f3j<br \/>\n13. Niepowtarzalna oferta<br \/>\n14. List do domu<br \/>\n15. \u017ba\u0142osny cyrk<br \/>\n16. Prawie bym si\u0119 da\u0142a nabra\u0107<br \/>\n17. Musia\u0142am odej\u015b\u0107<br \/>\n18. Co mam jej powiedzie\u0107<br \/>\n19. \u015apiew ptak\u00f3w nie ucichnie<br \/>\n20. Uratuj nas<\/p>\n<p>&nbsp;<\/p>\n","protected":false},"featured_media":485,"comment_status":"open","ping_status":"closed","template":"","meta":[],"product_brand":[],"product_cat":[17,1055],"product_tag":[146],"class_list":{"0":"post-456","1":"product","2":"type-product","3":"status-publish","4":"has-post-thumbnail","6":"product_cat-cd","7":"product_cat-poetycka","8":"product_tag-katarzyna-groniec","10":"first","11":"instock","12":"taxable","13":"shipping-taxable","14":"purchasable","15":"product-type-simple"},"_links":{"self":[{"href":"https:\/\/lunamusic.pl\/sklepluna\/wp-json\/wp\/v2\/product\/456","targetHints":{"allow":["GET"]}}],"collection":[{"href":"https:\/\/lunamusic.pl\/sklepluna\/wp-json\/wp\/v2\/product"}],"about":[{"href":"https:\/\/lunamusic.pl\/sklepluna\/wp-json\/wp\/v2\/types\/product"}],"replies":[{"embeddable":true,"href":"https:\/\/lunamusic.pl\/sklepluna\/wp-json\/wp\/v2\/comments?post=456"}],"wp:featuredmedia":[{"embeddable":true,"href":"https:\/\/lunamusic.pl\/sklepluna\/wp-json\/wp\/v2\/media\/485"}],"wp:attachment":[{"href":"https:\/\/lunamusic.pl\/sklepluna\/wp-json\/wp\/v2\/media?parent=456"}],"wp:term":[{"taxonomy":"product_brand","embeddable":true,"href":"https:\/\/lunamusic.pl\/sklepluna\/wp-json\/wp\/v2\/product_brand?post=456"},{"taxonomy":"product_cat","embeddable":true,"href":"https:\/\/lunamusic.pl\/sklepluna\/wp-json\/wp\/v2\/product_cat?post=456"},{"taxonomy":"product_tag","embeddable":true,"href":"https:\/\/lunamusic.pl\/sklepluna\/wp-json\/wp\/v2\/product_tag?post=456"}],"curies":[{"name":"wp","href":"https:\/\/api.w.org\/{rel}","templated":true}]}}