{"id":1894,"date":"2025-08-22T14:18:33","date_gmt":"2025-08-22T12:18:33","guid":{"rendered":"https:\/\/lunamusic.pl\/sklepluna\/?post_type=product&#038;p=1894"},"modified":"2025-11-19T11:19:00","modified_gmt":"2025-11-19T10:19:00","slug":"echa-do-slonca-2","status":"publish","type":"product","link":"https:\/\/lunamusic.pl\/sklepluna\/produkt\/echa-do-slonca-2\/","title":{"rendered":"ECHA &#8211; \u201eDo S\u0142o\u0144ca\u201d"},"content":{"rendered":"<div>\n<p>Echa to zesp\u00f3\u0142 \u0142\u0105cz\u0105cy alternatywne brzmienia z melodyjnym wokalem i niebanalnym tekstem. Grupa ma na koncie debiutancki album \u201cEcha\u201d, a w 2024 roku wr\u00f3ci\u0142a z nowymi utworami. Ukaza\u0142o si\u0119 m.in. \u201cSzk\u0142o\u201d, kt\u00f3re przebi\u0142o si\u0119 na playlistach wielu rozg\u0142o\u015bni radiowych. Pierwszym singlem w 2025 roku jest \u201cNiczego najgorszego\u201d. Tak zesp\u00f3\u0142 opisuje utw\u00f3r: \u201cPiosenka powsta\u0142a z wdzi\u0119czno\u015bci za to co mamy. Chcieli\u015bmy przypomnie\u0107 sobie, \u017ce wszystko zale\u017cy od nas i trzeba bra\u0107 sprawy w swoje r\u0119ce. Tego te\u017c \u017cyczymy wszystkim s\u0142uchaj\u0105cym ten utw\u00f3r.<br \/>\nKlip do piosenki to z kolei nasz pami\u0119tnik z 2024 roku. Mo\u017cna w nim zobaczy\u0107, jaka energia by\u0142a na naszych koncertach, ale te\u017c podejrze\u0107 kulisy &#8211; r\u00f3wnie\u017c z jakimi trudami zmagaj\u0105 si\u0119 zespo\u0142y w trakcie trasy\u201d.<\/p>\n<p>Zesp\u00f3\u0142 od pocz\u0105tku swojej dzia\u0142alno\u015bci da\u0142 si\u0119 pozna\u0107 z oryginalnych teledysk\u00f3w, jak ten nagrany na Teneryfie do \u201ePolski na supe\u0142\u201d, \u201eChamski beat\u201d, w kt\u00f3rym zagra\u0142a (i go wyre\u017cyserowa\u0142a) Sandra Staniszewska, czy stworzone w Parku Mu\u017cakowskim \u201cGlobalne ocieplenie\u201d. Siln\u0105 stron\u0105 grupy s\u0105 te\u017c wyst\u0119py na \u017cywo. Muzycy maj\u0105 do\u015bwiadczenie ze scen Open&#8217;er Festival, Jarocin Festival, Slot Art Festival, Hejfest, Warsaw Orlen Maraton, grali r\u00f3wnie\u017c liczne koncerty klubowe, m.in. na trasach takich wykonawc\u00f3w jak Kult, Strachy na Lachy I Happysad.<br \/>\nZesp\u00f3\u0142 tworz\u0105: Krzysztof Garbaciak (wokal), Andrzej Ga\u0142\u0105zka (gitara), Krzysztof Kos (bas), Karol Pietsch (perkusja), Piotr Spycha\u0142a (klawisze) i Arkadiusz Tyda (gitara, omnichord, teksty).<\/p>\n<\/div>\n<div>\n<p>LUNVIN763<\/p>\n<\/div>\n<p><span class=\"sku_wrapper\"><span class=\"sku\">\u00a0<\/span><\/span><\/p>\n","protected":false},"excerpt":{"rendered":"<div>\n<p>strona A<\/p>\n<p>1. Mi\u0119\u015bnie duszy<br \/>\n2. Niczego najgorszego<br \/>\n3. Szk\u0142o<br \/>\n4. Plakaty<br \/>\n5. Ju\u017c dzi\u015b Ci\u0119 kocham<br \/>\n6. Globalne ocieplenie<br \/>\nstrona B<\/p>\n<p>7. Do S\u0142o\u0144ca<br \/>\n8. L4<br \/>\n9. Teraz ju\u017c czuj\u0119 spok\u00f3j<br \/>\n10. Co ja poradz\u0119, \u017ce chc\u0119 wi\u0119cej?<\/p>\n<p>utwory bonusowe<\/p>\n<p>11. Ja wol\u0119 ta\u0144czy\u0107 sam<br \/>\n12. Tylko mi\u0142o\u015bci\u0105<\/p>\n<\/div>\n","protected":false},"featured_media":1895,"comment_status":"open","ping_status":"closed","template":"","meta":[],"product_brand":[],"product_cat":[1476,1146,27],"product_tag":[1996,2000,1998,1995,1997,1999],"class_list":{"0":"post-1894","1":"product","2":"type-product","3":"status-publish","4":"has-post-thumbnail","6":"product_cat-nowosci","7":"product_cat-pop","8":"product_cat-vinyl","9":"product_tag-andrzej-galazka","10":"product_tag-arkadiusz-tyda","11":"product_tag-karol-pietsch","12":"product_tag-krzysztof-garbaciak","13":"product_tag-krzysztof-kos","14":"product_tag-piotr-spychala","16":"first","17":"instock","18":"taxable","19":"shipping-taxable","20":"purchasable","21":"product-type-simple"},"_links":{"self":[{"href":"https:\/\/lunamusic.pl\/sklepluna\/wp-json\/wp\/v2\/product\/1894","targetHints":{"allow":["GET"]}}],"collection":[{"href":"https:\/\/lunamusic.pl\/sklepluna\/wp-json\/wp\/v2\/product"}],"about":[{"href":"https:\/\/lunamusic.pl\/sklepluna\/wp-json\/wp\/v2\/types\/product"}],"replies":[{"embeddable":true,"href":"https:\/\/lunamusic.pl\/sklepluna\/wp-json\/wp\/v2\/comments?post=1894"}],"wp:featuredmedia":[{"embeddable":true,"href":"https:\/\/lunamusic.pl\/sklepluna\/wp-json\/wp\/v2\/media\/1895"}],"wp:attachment":[{"href":"https:\/\/lunamusic.pl\/sklepluna\/wp-json\/wp\/v2\/media?parent=1894"}],"wp:term":[{"taxonomy":"product_brand","embeddable":true,"href":"https:\/\/lunamusic.pl\/sklepluna\/wp-json\/wp\/v2\/product_brand?post=1894"},{"taxonomy":"product_cat","embeddable":true,"href":"https:\/\/lunamusic.pl\/sklepluna\/wp-json\/wp\/v2\/product_cat?post=1894"},{"taxonomy":"product_tag","embeddable":true,"href":"https:\/\/lunamusic.pl\/sklepluna\/wp-json\/wp\/v2\/product_tag?post=1894"}],"curies":[{"name":"wp","href":"https:\/\/api.w.org\/{rel}","templated":true}]}}