{"id":1554,"date":"2023-03-15T13:39:31","date_gmt":"2023-03-15T12:39:31","guid":{"rendered":"https:\/\/lunamusic.pl\/sklepluna\/?post_type=product&#038;p=1554"},"modified":"2025-09-04T09:39:31","modified_gmt":"2025-09-04T07:39:31","slug":"teatr-muzyczny-capitol-alicja","status":"publish","type":"product","link":"https:\/\/lunamusic.pl\/sklepluna\/produkt\/teatr-muzyczny-capitol-alicja\/","title":{"rendered":"Teatr Muzyczny Capitol &#8211; Alicja"},"content":{"rendered":"<p>Prawie wszyscy znaj\u0105 ksi\u0105\u017ck\u0119 Lewisa Carrolla o przygodach Alicji w Krainie Czar\u00f3w. Na j\u0119zyk teatralny prze\u0142o\u017cy\u0142y j\u0105: Martyna Majewska i Agnieszka Wolny-Hamka\u0142o, a Dawid Majewski muzycznie wykreowa\u0142 wy\u015bniony \u015bwiat. W Teatrze Muzycznym Capitol we Wroc\u0142awiu powsta\u0142a \u201eAlicja\u201d &#8211; wielowymiarowa, pe\u0142na fantazji opowie\u015b\u0107 o poszukiwaniu i tworzeniu swojej w\u0142asnej to\u017csamo\u015bci. Wa\u017cnym jej elementem sta\u0142y si\u0119 piosenki: pe\u0142ne poczucia humoru, uruchamiaj\u0105ce wyobra\u017ani\u0119 \u2013 bez wzgl\u0119du na wiek, i razem z histori\u0105 sceniczn\u0105 staj\u0105ce si\u0119 antidotum na dos\u0142owno\u015b\u0107 i smutek rzeczywisto\u015bci.<\/p>\n<p>Na p\u0142ycie za\u015bpiewali: Justyna Antoniak, Agnieszka Ory\u0144ska-Lesicka, Justyna Szafran, Ewa Szlempo-Kruszy\u0144ska, Magdalena Szczerbowska, Helena Sujecka, Justyna Wo\u017aniak, Emose Uhunmwangho, Klaudia Waszak, Adrian K\u0105ca, Bartosz Picher, Albert Py\u015bk, Krzysztof Suszek, Micha\u0142 Szyma\u0144ski, Micha\u0142 Zborowski.<\/p>\n<p>Ju\u017c po pierwszym przes\u0142uchaniu \u201eAlicji\u201d b\u0119dziecie razem z nimi nuci\u0107 \u201eTo si\u0119 zaczyna rano\u201d, \u201eZamknij oczy i patrz\u201d, \u201ePoca\u0142unek ognia\u201d czy piosenk\u0119 Niegrzecznych Dziewczyn.<\/p>\n<p>Je\u015bli szukasz wyj\u0105tkowego prezentu dla dziecka lub dla ca\u0142ej rodziny, to p\u0142yta z piosenkami ze spektaklu &#8222;Alicja&#8221; jest doskona\u0142ym wyborem. To doskona\u0142y spos\u00f3b na wsp\u00f3lne sp\u0119dzenie czasu, rozwijanie wyobra\u017ani i odkrywanie nowych warto\u015bci.<\/p>\n<p>Nie czekaj, zam\u00f3w p\u0142yt\u0119 ju\u017c dzi\u015b i przygotuj si\u0119 na wspania\u0142\u0105 podr\u00f3\u017c w \u015bwiat Alicji!<\/p>\n<p><span class=\"sku_wrapper\"> <span class=\"sku\">LUNCD661<\/span><\/span><\/p>\n","protected":false},"excerpt":{"rendered":"<p>1. Cuda, cuda<br \/>\n2. Rok czekali\u015bmy<br \/>\n3. Mroczna ko\u0142ysanka<br \/>\n4. Po drugiej stronie<br \/>\n5. Ty i twoje wielb\u0142\u0105dy<br \/>\n6. Czujemy chaos<br \/>\n7. Zamknij oczy i patrz<br \/>\n8. Wszystko b\u0119dzie tak jak chcesz<br \/>\n9. To si\u0119 zaczyna rano<br \/>\n10. Nic nie poczujesz<br \/>\n11. Trzymaj mnie za r\u0119k\u0119<br \/>\n12. Niegrzeczne dziewczyny<br \/>\n13. Poca\u0142unek ognia<br \/>\n14. Uciekaj Alilcjo!<br \/>\n15. Sprawiedliwo\u015bci nie ma, nie by\u0142o i nie b\u0119dzie<br \/>\n16. Ko\u0142ysanka na dobranoc<\/p>\n","protected":false},"featured_media":1555,"comment_status":"open","ping_status":"closed","template":"","meta":[],"product_brand":[],"product_cat":[32,381,17,1316],"product_tag":[24,308],"class_list":{"0":"post-1554","1":"product","2":"type-product","3":"status-publish","4":"has-post-thumbnail","6":"product_cat-aktorska","7":"product_cat-bajki","8":"product_cat-cd","9":"product_cat-teatralna","10":"product_tag-capitol","11":"product_tag-teatr-muzyczny-capitol","13":"first","14":"instock","15":"taxable","16":"shipping-taxable","17":"purchasable","18":"product-type-simple"},"_links":{"self":[{"href":"https:\/\/lunamusic.pl\/sklepluna\/wp-json\/wp\/v2\/product\/1554","targetHints":{"allow":["GET"]}}],"collection":[{"href":"https:\/\/lunamusic.pl\/sklepluna\/wp-json\/wp\/v2\/product"}],"about":[{"href":"https:\/\/lunamusic.pl\/sklepluna\/wp-json\/wp\/v2\/types\/product"}],"replies":[{"embeddable":true,"href":"https:\/\/lunamusic.pl\/sklepluna\/wp-json\/wp\/v2\/comments?post=1554"}],"wp:featuredmedia":[{"embeddable":true,"href":"https:\/\/lunamusic.pl\/sklepluna\/wp-json\/wp\/v2\/media\/1555"}],"wp:attachment":[{"href":"https:\/\/lunamusic.pl\/sklepluna\/wp-json\/wp\/v2\/media?parent=1554"}],"wp:term":[{"taxonomy":"product_brand","embeddable":true,"href":"https:\/\/lunamusic.pl\/sklepluna\/wp-json\/wp\/v2\/product_brand?post=1554"},{"taxonomy":"product_cat","embeddable":true,"href":"https:\/\/lunamusic.pl\/sklepluna\/wp-json\/wp\/v2\/product_cat?post=1554"},{"taxonomy":"product_tag","embeddable":true,"href":"https:\/\/lunamusic.pl\/sklepluna\/wp-json\/wp\/v2\/product_tag?post=1554"}],"curies":[{"name":"wp","href":"https:\/\/api.w.org\/{rel}","templated":true}]}}